{"id":5452,"date":"2023-09-26T10:45:08","date_gmt":"2023-09-26T08:45:08","guid":{"rendered":"https:\/\/bordoband.cz\/?page_id=5452"},"modified":"2023-09-26T10:48:39","modified_gmt":"2023-09-26T08:48:39","slug":"hostka-jezkuv-mlyn-23-9-2023","status":"publish","type":"page","link":"https:\/\/bordoband.cz\/index.php\/fanzone\/fotogalerie\/hostka-jezkuv-mlyn-23-9-2023\/","title":{"rendered":"Ho\u0161tka Je\u017ek\u016fv ml\u00fdn 23.9.2023"},"content":{"rendered":"\t\t<div data-elementor-type=\"wp-page\" data-elementor-id=\"5452\" class=\"elementor elementor-5452\" data-elementor-post-type=\"page\">\n\t\t\t\t\t\t<section class=\"elementor-section elementor-top-section elementor-element elementor-element-27e847b elementor-section-boxed elementor-section-height-default elementor-section-height-default\" data-id=\"27e847b\" data-element_type=\"section\" data-e-type=\"section\">\n\t\t\t\t\t\t<div class=\"elementor-container elementor-column-gap-default\">\n\t\t\t\t\t<div class=\"elementor-column elementor-col-100 elementor-top-column elementor-element elementor-element-b616a25\" data-id=\"b616a25\" data-element_type=\"column\" data-e-type=\"column\">\n\t\t\t<div class=\"elementor-widget-wrap elementor-element-populated\">\n\t\t\t\t\t\t<div class=\"elementor-element elementor-element-d81a949 elementor-widget elementor-widget-image-gallery\" data-id=\"d81a949\" data-element_type=\"widget\" data-e-type=\"widget\" data-widget_type=\"image-gallery.default\">\n\t\t\t\t<div class=\"elementor-widget-container\">\n\t\t\t\t\t\t\t<div class=\"elementor-image-gallery\">\n\t\t\t<div id='gallery-1' class='gallery galleryid-5452 gallery-columns-5 gallery-size-thumbnail'><figure class='gallery-item'>\n\t\t\t<div class='gallery-icon portrait'>\n\t\t\t\t<a data-elementor-open-lightbox=\"yes\" data-elementor-lightbox-slideshow=\"d81a949\" data-elementor-lightbox-title=\"Obr\u00e1zek WhatsApp, 2023-09-24 v 08.37.41\" data-e-action-hash=\"#elementor-action%3Aaction%3Dlightbox%26settings%3DeyJpZCI6NTQ1NSwidXJsIjoiaHR0cHM6XC9cL2JvcmRvYmFuZC5jelwvd3AtY29udGVudFwvdXBsb2Fkc1wvMjAyM1wvMDlcL09icmF6ZWstV2hhdHNBcHAtMjAyMy0wOS0yNC12LTA4LjM3LjQxLmpwZyIsInNsaWRlc2hvdyI6ImQ4MWE5NDkifQ%3D%3D\" href='https:\/\/bordoband.cz\/wp-content\/uploads\/2023\/09\/Obrazek-WhatsApp-2023-09-24-v-08.37.41.jpg'><img decoding=\"async\" width=\"150\" height=\"150\" src=\"https:\/\/bordoband.cz\/wp-content\/uploads\/2023\/09\/Obrazek-WhatsApp-2023-09-24-v-08.37.41-150x150.jpg\" class=\"attachment-thumbnail size-thumbnail\" alt=\"\" srcset=\"https:\/\/bordoband.cz\/wp-content\/uploads\/2023\/09\/Obrazek-WhatsApp-2023-09-24-v-08.37.41-150x150.jpg 150w, https:\/\/bordoband.cz\/wp-content\/uploads\/2023\/09\/Obrazek-WhatsApp-2023-09-24-v-08.37.41-640x640.jpg 640w, https:\/\/bordoband.cz\/wp-content\/uploads\/2023\/09\/Obrazek-WhatsApp-2023-09-24-v-08.37.41-180x180.jpg 180w\" sizes=\"(max-width: 150px) 100vw, 150px\" \/><\/a>\n\t\t\t<\/div><\/figure><figure class='gallery-item'>\n\t\t\t<div class='gallery-icon portrait'>\n\t\t\t\t<a data-elementor-open-lightbox=\"yes\" data-elementor-lightbox-slideshow=\"d81a949\" data-elementor-lightbox-title=\"Obr\u00e1zek WhatsApp, 2023-09-24 v 08.37.42\" data-e-action-hash=\"#elementor-action%3Aaction%3Dlightbox%26settings%3DeyJpZCI6NTQ1NiwidXJsIjoiaHR0cHM6XC9cL2JvcmRvYmFuZC5jelwvd3AtY29udGVudFwvdXBsb2Fkc1wvMjAyM1wvMDlcL09icmF6ZWstV2hhdHNBcHAtMjAyMy0wOS0yNC12LTA4LjM3LjQyLmpwZyIsInNsaWRlc2hvdyI6ImQ4MWE5NDkifQ%3D%3D\" href='https:\/\/bordoband.cz\/wp-content\/uploads\/2023\/09\/Obrazek-WhatsApp-2023-09-24-v-08.37.42.jpg'><img decoding=\"async\" width=\"150\" height=\"150\" src=\"https:\/\/bordoband.cz\/wp-content\/uploads\/2023\/09\/Obrazek-WhatsApp-2023-09-24-v-08.37.42-150x150.jpg\" class=\"attachment-thumbnail size-thumbnail\" alt=\"\" srcset=\"https:\/\/bordoband.cz\/wp-content\/uploads\/2023\/09\/Obrazek-WhatsApp-2023-09-24-v-08.37.42-150x150.jpg 150w, https:\/\/bordoband.cz\/wp-content\/uploads\/2023\/09\/Obrazek-WhatsApp-2023-09-24-v-08.37.42-640x640.jpg 640w, https:\/\/bordoband.cz\/wp-content\/uploads\/2023\/09\/Obrazek-WhatsApp-2023-09-24-v-08.37.42-180x180.jpg 180w\" sizes=\"(max-width: 150px) 100vw, 150px\" \/><\/a>\n\t\t\t<\/div><\/figure><figure class='gallery-item'>\n\t\t\t<div class='gallery-icon landscape'>\n\t\t\t\t<a data-elementor-open-lightbox=\"yes\" data-elementor-lightbox-slideshow=\"d81a949\" data-elementor-lightbox-title=\"Obr\u00e1zek WhatsApp, 2023-09-24 v 08.37.43\" data-e-action-hash=\"#elementor-action%3Aaction%3Dlightbox%26settings%3DeyJpZCI6NTQ1NywidXJsIjoiaHR0cHM6XC9cL2JvcmRvYmFuZC5jelwvd3AtY29udGVudFwvdXBsb2Fkc1wvMjAyM1wvMDlcL09icmF6ZWstV2hhdHNBcHAtMjAyMy0wOS0yNC12LTA4LjM3LjQzLmpwZyIsInNsaWRlc2hvdyI6ImQ4MWE5NDkifQ%3D%3D\" href='https:\/\/bordoband.cz\/wp-content\/uploads\/2023\/09\/Obrazek-WhatsApp-2023-09-24-v-08.37.43.jpg'><img decoding=\"async\" width=\"150\" height=\"150\" src=\"https:\/\/bordoband.cz\/wp-content\/uploads\/2023\/09\/Obrazek-WhatsApp-2023-09-24-v-08.37.43-150x150.jpg\" class=\"attachment-thumbnail size-thumbnail\" alt=\"\" srcset=\"https:\/\/bordoband.cz\/wp-content\/uploads\/2023\/09\/Obrazek-WhatsApp-2023-09-24-v-08.37.43-150x150.jpg 150w, https:\/\/bordoband.cz\/wp-content\/uploads\/2023\/09\/Obrazek-WhatsApp-2023-09-24-v-08.37.43-640x640.jpg 640w, https:\/\/bordoband.cz\/wp-content\/uploads\/2023\/09\/Obrazek-WhatsApp-2023-09-24-v-08.37.43-180x180.jpg 180w\" sizes=\"(max-width: 150px) 100vw, 150px\" \/><\/a>\n\t\t\t<\/div><\/figure><figure class='gallery-item'>\n\t\t\t<div class='gallery-icon portrait'>\n\t\t\t\t<a data-elementor-open-lightbox=\"yes\" data-elementor-lightbox-slideshow=\"d81a949\" data-elementor-lightbox-title=\"Obr\u00e1zek WhatsApp, 2023-09-24 v 08.37.45\" data-e-action-hash=\"#elementor-action%3Aaction%3Dlightbox%26settings%3DeyJpZCI6NTQ1OCwidXJsIjoiaHR0cHM6XC9cL2JvcmRvYmFuZC5jelwvd3AtY29udGVudFwvdXBsb2Fkc1wvMjAyM1wvMDlcL09icmF6ZWstV2hhdHNBcHAtMjAyMy0wOS0yNC12LTA4LjM3LjQ1LmpwZyIsInNsaWRlc2hvdyI6ImQ4MWE5NDkifQ%3D%3D\" href='https:\/\/bordoband.cz\/wp-content\/uploads\/2023\/09\/Obrazek-WhatsApp-2023-09-24-v-08.37.45.jpg'><img loading=\"lazy\" decoding=\"async\" width=\"150\" height=\"150\" src=\"https:\/\/bordoband.cz\/wp-content\/uploads\/2023\/09\/Obrazek-WhatsApp-2023-09-24-v-08.37.45-150x150.jpg\" class=\"attachment-thumbnail size-thumbnail\" alt=\"\" srcset=\"https:\/\/bordoband.cz\/wp-content\/uploads\/2023\/09\/Obrazek-WhatsApp-2023-09-24-v-08.37.45-150x150.jpg 150w, https:\/\/bordoband.cz\/wp-content\/uploads\/2023\/09\/Obrazek-WhatsApp-2023-09-24-v-08.37.45-640x640.jpg 640w, https:\/\/bordoband.cz\/wp-content\/uploads\/2023\/09\/Obrazek-WhatsApp-2023-09-24-v-08.37.45-180x180.jpg 180w\" sizes=\"(max-width: 150px) 100vw, 150px\" \/><\/a>\n\t\t\t<\/div><\/figure><figure class='gallery-item'>\n\t\t\t<div class='gallery-icon portrait'>\n\t\t\t\t<a data-elementor-open-lightbox=\"yes\" data-elementor-lightbox-slideshow=\"d81a949\" data-elementor-lightbox-title=\"Obr\u00e1zek WhatsApp, 2023-09-24 v 08.37.421\" data-e-action-hash=\"#elementor-action%3Aaction%3Dlightbox%26settings%3DeyJpZCI6NTQ1OSwidXJsIjoiaHR0cHM6XC9cL2JvcmRvYmFuZC5jelwvd3AtY29udGVudFwvdXBsb2Fkc1wvMjAyM1wvMDlcL09icmF6ZWstV2hhdHNBcHAtMjAyMy0wOS0yNC12LTA4LjM3LjQyMS5qcGciLCJzbGlkZXNob3ciOiJkODFhOTQ5In0%3D\" href='https:\/\/bordoband.cz\/wp-content\/uploads\/2023\/09\/Obrazek-WhatsApp-2023-09-24-v-08.37.421.jpg'><img loading=\"lazy\" decoding=\"async\" width=\"150\" height=\"150\" src=\"https:\/\/bordoband.cz\/wp-content\/uploads\/2023\/09\/Obrazek-WhatsApp-2023-09-24-v-08.37.421-150x150.jpg\" class=\"attachment-thumbnail size-thumbnail\" alt=\"\" srcset=\"https:\/\/bordoband.cz\/wp-content\/uploads\/2023\/09\/Obrazek-WhatsApp-2023-09-24-v-08.37.421-150x150.jpg 150w, https:\/\/bordoband.cz\/wp-content\/uploads\/2023\/09\/Obrazek-WhatsApp-2023-09-24-v-08.37.421-640x640.jpg 640w, https:\/\/bordoband.cz\/wp-content\/uploads\/2023\/09\/Obrazek-WhatsApp-2023-09-24-v-08.37.421-180x180.jpg 180w\" sizes=\"(max-width: 150px) 100vw, 150px\" \/><\/a>\n\t\t\t<\/div><\/figure><figure class='gallery-item'>\n\t\t\t<div class='gallery-icon landscape'>\n\t\t\t\t<a data-elementor-open-lightbox=\"yes\" data-elementor-lightbox-slideshow=\"d81a949\" data-elementor-lightbox-title=\"Obr\u00e1zek WhatsApp, 2023-09-24 v 08.37.432\" data-e-action-hash=\"#elementor-action%3Aaction%3Dlightbox%26settings%3DeyJpZCI6NTQ2MCwidXJsIjoiaHR0cHM6XC9cL2JvcmRvYmFuZC5jelwvd3AtY29udGVudFwvdXBsb2Fkc1wvMjAyM1wvMDlcL09icmF6ZWstV2hhdHNBcHAtMjAyMy0wOS0yNC12LTA4LjM3LjQzMi5qcGciLCJzbGlkZXNob3ciOiJkODFhOTQ5In0%3D\" href='https:\/\/bordoband.cz\/wp-content\/uploads\/2023\/09\/Obrazek-WhatsApp-2023-09-24-v-08.37.432.jpg'><img loading=\"lazy\" decoding=\"async\" width=\"150\" height=\"150\" src=\"https:\/\/bordoband.cz\/wp-content\/uploads\/2023\/09\/Obrazek-WhatsApp-2023-09-24-v-08.37.432-150x150.jpg\" class=\"attachment-thumbnail size-thumbnail\" alt=\"\" srcset=\"https:\/\/bordoband.cz\/wp-content\/uploads\/2023\/09\/Obrazek-WhatsApp-2023-09-24-v-08.37.432-150x150.jpg 150w, https:\/\/bordoband.cz\/wp-content\/uploads\/2023\/09\/Obrazek-WhatsApp-2023-09-24-v-08.37.432-640x640.jpg 640w, https:\/\/bordoband.cz\/wp-content\/uploads\/2023\/09\/Obrazek-WhatsApp-2023-09-24-v-08.37.432-180x180.jpg 180w\" sizes=\"(max-width: 150px) 100vw, 150px\" \/><\/a>\n\t\t\t<\/div><\/figure><figure class='gallery-item'>\n\t\t\t<div class='gallery-icon landscape'>\n\t\t\t\t<a data-elementor-open-lightbox=\"yes\" data-elementor-lightbox-slideshow=\"d81a949\" data-elementor-lightbox-title=\"Obr\u00e1zek WhatsApp, 2023-09-24 v 08.37.441\" data-e-action-hash=\"#elementor-action%3Aaction%3Dlightbox%26settings%3DeyJpZCI6NTQ2MSwidXJsIjoiaHR0cHM6XC9cL2JvcmRvYmFuZC5jelwvd3AtY29udGVudFwvdXBsb2Fkc1wvMjAyM1wvMDlcL09icmF6ZWstV2hhdHNBcHAtMjAyMy0wOS0yNC12LTA4LjM3LjQ0MS5qcGciLCJzbGlkZXNob3ciOiJkODFhOTQ5In0%3D\" href='https:\/\/bordoband.cz\/wp-content\/uploads\/2023\/09\/Obrazek-WhatsApp-2023-09-24-v-08.37.441.jpg'><img loading=\"lazy\" decoding=\"async\" width=\"150\" height=\"150\" src=\"https:\/\/bordoband.cz\/wp-content\/uploads\/2023\/09\/Obrazek-WhatsApp-2023-09-24-v-08.37.441-150x150.jpg\" class=\"attachment-thumbnail size-thumbnail\" alt=\"\" srcset=\"https:\/\/bordoband.cz\/wp-content\/uploads\/2023\/09\/Obrazek-WhatsApp-2023-09-24-v-08.37.441-150x150.jpg 150w, https:\/\/bordoband.cz\/wp-content\/uploads\/2023\/09\/Obrazek-WhatsApp-2023-09-24-v-08.37.441-640x640.jpg 640w, https:\/\/bordoband.cz\/wp-content\/uploads\/2023\/09\/Obrazek-WhatsApp-2023-09-24-v-08.37.441-180x180.jpg 180w\" sizes=\"(max-width: 150px) 100vw, 150px\" \/><\/a>\n\t\t\t<\/div><\/figure><figure class='gallery-item'>\n\t\t\t<div class='gallery-icon portrait'>\n\t\t\t\t<a data-elementor-open-lightbox=\"yes\" data-elementor-lightbox-slideshow=\"d81a949\" data-elementor-lightbox-title=\"Obr\u00e1zek WhatsApp, 2023-09-24 v 08.37.452\" data-e-action-hash=\"#elementor-action%3Aaction%3Dlightbox%26settings%3DeyJpZCI6NTQ2MiwidXJsIjoiaHR0cHM6XC9cL2JvcmRvYmFuZC5jelwvd3AtY29udGVudFwvdXBsb2Fkc1wvMjAyM1wvMDlcL09icmF6ZWstV2hhdHNBcHAtMjAyMy0wOS0yNC12LTA4LjM3LjQ1Mi5qcGciLCJzbGlkZXNob3ciOiJkODFhOTQ5In0%3D\" href='https:\/\/bordoband.cz\/wp-content\/uploads\/2023\/09\/Obrazek-WhatsApp-2023-09-24-v-08.37.452.jpg'><img loading=\"lazy\" decoding=\"async\" width=\"150\" height=\"150\" src=\"https:\/\/bordoband.cz\/wp-content\/uploads\/2023\/09\/Obrazek-WhatsApp-2023-09-24-v-08.37.452-150x150.jpg\" class=\"attachment-thumbnail size-thumbnail\" alt=\"\" srcset=\"https:\/\/bordoband.cz\/wp-content\/uploads\/2023\/09\/Obrazek-WhatsApp-2023-09-24-v-08.37.452-150x150.jpg 150w, https:\/\/bordoband.cz\/wp-content\/uploads\/2023\/09\/Obrazek-WhatsApp-2023-09-24-v-08.37.452-640x640.jpg 640w, https:\/\/bordoband.cz\/wp-content\/uploads\/2023\/09\/Obrazek-WhatsApp-2023-09-24-v-08.37.452-180x180.jpg 180w\" sizes=\"(max-width: 150px) 100vw, 150px\" \/><\/a>\n\t\t\t<\/div><\/figure><figure class='gallery-item'>\n\t\t\t<div class='gallery-icon portrait'>\n\t\t\t\t<a data-elementor-open-lightbox=\"yes\" data-elementor-lightbox-slideshow=\"d81a949\" data-elementor-lightbox-title=\"Obr\u00e1zek WhatsApp, 2023-09-24 v 08.37.461\" data-e-action-hash=\"#elementor-action%3Aaction%3Dlightbox%26settings%3DeyJpZCI6NTQ2MywidXJsIjoiaHR0cHM6XC9cL2JvcmRvYmFuZC5jelwvd3AtY29udGVudFwvdXBsb2Fkc1wvMjAyM1wvMDlcL09icmF6ZWstV2hhdHNBcHAtMjAyMy0wOS0yNC12LTA4LjM3LjQ2MS5qcGciLCJzbGlkZXNob3ciOiJkODFhOTQ5In0%3D\" href='https:\/\/bordoband.cz\/wp-content\/uploads\/2023\/09\/Obrazek-WhatsApp-2023-09-24-v-08.37.461.jpg'><img loading=\"lazy\" decoding=\"async\" width=\"150\" height=\"150\" src=\"https:\/\/bordoband.cz\/wp-content\/uploads\/2023\/09\/Obrazek-WhatsApp-2023-09-24-v-08.37.461-150x150.jpg\" class=\"attachment-thumbnail size-thumbnail\" alt=\"\" srcset=\"https:\/\/bordoband.cz\/wp-content\/uploads\/2023\/09\/Obrazek-WhatsApp-2023-09-24-v-08.37.461-150x150.jpg 150w, https:\/\/bordoband.cz\/wp-content\/uploads\/2023\/09\/Obrazek-WhatsApp-2023-09-24-v-08.37.461-640x640.jpg 640w, https:\/\/bordoband.cz\/wp-content\/uploads\/2023\/09\/Obrazek-WhatsApp-2023-09-24-v-08.37.461-180x180.jpg 180w\" sizes=\"(max-width: 150px) 100vw, 150px\" \/><\/a>\n\t\t\t<\/div><\/figure><figure class='gallery-item'>\n\t\t\t<div class='gallery-icon portrait'>\n\t\t\t\t<a data-elementor-open-lightbox=\"yes\" data-elementor-lightbox-slideshow=\"d81a949\" data-elementor-lightbox-title=\"Obr\u00e1zek WhatsApp, 2023-09-24 v 08.37.471\" data-e-action-hash=\"#elementor-action%3Aaction%3Dlightbox%26settings%3DeyJpZCI6NTQ2NCwidXJsIjoiaHR0cHM6XC9cL2JvcmRvYmFuZC5jelwvd3AtY29udGVudFwvdXBsb2Fkc1wvMjAyM1wvMDlcL09icmF6ZWstV2hhdHNBcHAtMjAyMy0wOS0yNC12LTA4LjM3LjQ3MS5qcGciLCJzbGlkZXNob3ciOiJkODFhOTQ5In0%3D\" href='https:\/\/bordoband.cz\/wp-content\/uploads\/2023\/09\/Obrazek-WhatsApp-2023-09-24-v-08.37.471.jpg'><img loading=\"lazy\" decoding=\"async\" width=\"150\" height=\"150\" src=\"https:\/\/bordoband.cz\/wp-content\/uploads\/2023\/09\/Obrazek-WhatsApp-2023-09-24-v-08.37.471-150x150.jpg\" class=\"attachment-thumbnail size-thumbnail\" alt=\"\" srcset=\"https:\/\/bordoband.cz\/wp-content\/uploads\/2023\/09\/Obrazek-WhatsApp-2023-09-24-v-08.37.471-150x150.jpg 150w, https:\/\/bordoband.cz\/wp-content\/uploads\/2023\/09\/Obrazek-WhatsApp-2023-09-24-v-08.37.471-640x640.jpg 640w, https:\/\/bordoband.cz\/wp-content\/uploads\/2023\/09\/Obrazek-WhatsApp-2023-09-24-v-08.37.471-180x180.jpg 180w\" sizes=\"(max-width: 150px) 100vw, 150px\" \/><\/a>\n\t\t\t<\/div><\/figure><figure class='gallery-item'>\n\t\t\t<div class='gallery-icon portrait'>\n\t\t\t\t<a data-elementor-open-lightbox=\"yes\" data-elementor-lightbox-slideshow=\"d81a949\" data-elementor-lightbox-title=\"Obr\u00e1zek WhatsApp, 2023-09-24 v 08.37.4212\" data-e-action-hash=\"#elementor-action%3Aaction%3Dlightbox%26settings%3DeyJpZCI6NTQ2NSwidXJsIjoiaHR0cHM6XC9cL2JvcmRvYmFuZC5jelwvd3AtY29udGVudFwvdXBsb2Fkc1wvMjAyM1wvMDlcL09icmF6ZWstV2hhdHNBcHAtMjAyMy0wOS0yNC12LTA4LjM3LjQyMTIuanBnIiwic2xpZGVzaG93IjoiZDgxYTk0OSJ9\" href='https:\/\/bordoband.cz\/wp-content\/uploads\/2023\/09\/Obrazek-WhatsApp-2023-09-24-v-08.37.4212.jpg'><img loading=\"lazy\" decoding=\"async\" width=\"150\" height=\"150\" src=\"https:\/\/bordoband.cz\/wp-content\/uploads\/2023\/09\/Obrazek-WhatsApp-2023-09-24-v-08.37.4212-150x150.jpg\" class=\"attachment-thumbnail size-thumbnail\" alt=\"\" srcset=\"https:\/\/bordoband.cz\/wp-content\/uploads\/2023\/09\/Obrazek-WhatsApp-2023-09-24-v-08.37.4212-150x150.jpg 150w, https:\/\/bordoband.cz\/wp-content\/uploads\/2023\/09\/Obrazek-WhatsApp-2023-09-24-v-08.37.4212-640x640.jpg 640w, https:\/\/bordoband.cz\/wp-content\/uploads\/2023\/09\/Obrazek-WhatsApp-2023-09-24-v-08.37.4212-180x180.jpg 180w\" sizes=\"(max-width: 150px) 100vw, 150px\" \/><\/a>\n\t\t\t<\/div><\/figure>\n\t\t<\/div>\n\t\t<\/div>\n\t\t\t\t\t\t<\/div>\n\t\t\t\t<\/div>\n\t\t\t\t\t<\/div>\n\t\t<\/div>\n\t\t\t\t\t<\/div>\n\t\t<\/section>\n\t\t\t\t<\/div>\n\t\t","protected":false},"excerpt":{"rendered":"","protected":false},"author":2,"featured_media":0,"parent":191,"menu_order":0,"comment_status":"closed","ping_status":"closed","template":"templates\/no-sidebar.php","meta":{"footnotes":""},"class_list":["post-5452","page","type-page","status-publish","hentry"],"_links":{"self":[{"href":"https:\/\/bordoband.cz\/index.php\/wp-json\/wp\/v2\/pages\/5452","targetHints":{"allow":["GET"]}}],"collection":[{"href":"https:\/\/bordoband.cz\/index.php\/wp-json\/wp\/v2\/pages"}],"about":[{"href":"https:\/\/bordoband.cz\/index.php\/wp-json\/wp\/v2\/types\/page"}],"author":[{"embeddable":true,"href":"https:\/\/bordoband.cz\/index.php\/wp-json\/wp\/v2\/users\/2"}],"replies":[{"embeddable":true,"href":"https:\/\/bordoband.cz\/index.php\/wp-json\/wp\/v2\/comments?post=5452"}],"version-history":[{"count":5,"href":"https:\/\/bordoband.cz\/index.php\/wp-json\/wp\/v2\/pages\/5452\/revisions"}],"predecessor-version":[{"id":5468,"href":"https:\/\/bordoband.cz\/index.php\/wp-json\/wp\/v2\/pages\/5452\/revisions\/5468"}],"up":[{"embeddable":true,"href":"https:\/\/bordoband.cz\/index.php\/wp-json\/wp\/v2\/pages\/191"}],"wp:attachment":[{"href":"https:\/\/bordoband.cz\/index.php\/wp-json\/wp\/v2\/media?parent=5452"}],"curies":[{"name":"wp","href":"https:\/\/api.w.org\/{rel}","templated":true}]}}