{"id":489,"date":"2019-02-21T14:24:44","date_gmt":"2019-02-21T13:24:44","guid":{"rendered":"http:\/\/bordoband.cz\/?page_id=489"},"modified":"2022-07-06T19:42:12","modified_gmt":"2022-07-06T17:42:12","slug":"novinky","status":"publish","type":"page","link":"https:\/\/bordoband.cz\/index.php\/novinky\/","title":{"rendered":"Novinky"},"content":{"rendered":"<style>.wp-show-posts-columns#wpsp-893 {margin-left: -3em; }.wp-show-posts-columns#wpsp-893 .wp-show-posts-inner {margin: 0 0 3em 3em; }<\/style><section id=\"wpsp-893\" class=\" wp-show-posts\" style=\"\"><article class=\" wp-show-posts-single wpsp-clearfix post-567 post type-post status-publish format-standard hentry category-novinky\" itemtype=\"http:\/\/schema.org\/CreativeWork\" itemscope><div class=\"wp-show-posts-inner\" style=\"\">\t\t\t\t\t\t<header class=\"wp-show-posts-entry-header\">\n\t\t\t\t\t\t\t<h2 class=\"wp-show-posts-entry-title\" itemprop=\"headline\"><a href=\"https:\/\/bordoband.cz\/index.php\/2019\/02\/27\/bordo-obleceni\/\" rel=\"bookmark\">Bordo oble\u010den\u00ed<\/a><\/h2><div class=\"wp-show-posts-entry-meta wp-show-posts-entry-meta-below-title post-meta-inline\"><span class=\"wp-show-posts-posted-on wp-show-posts-meta\">\n\t\t\t\t\t<a href=\"https:\/\/bordoband.cz\/index.php\/2019\/02\/27\/bordo-obleceni\/\" title=\"13:31\" rel=\"bookmark\"><time class=\"wp-show-posts-entry-date published\" datetime=\"2019-02-27T13:31:05+01:00\" itemprop=\"datePublished\">27. 2. 2019<\/time><time class=\"wp-show-posts-updated\" datetime=\"2020-02-02T16:40:31+01:00\" itemprop=\"dateModified\">2. 2. 2020<\/time><\/a>\n\t\t\t\t<\/span><\/div>\t\t\t\t\t\t<\/header><!-- .entry-header -->\n\t\t\t\t\t\t\t\t\t\t\t<div class=\"wp-show-posts-entry-content\" itemprop=\"text\">\n\t\t\t\t\t\t\t<p style=\"text-align: left;\"><span style=\"color: #999999;\"><a href=\"https:\/\/bordoband.cz\/wp-content\/uploads\/2019\/02\/10_aktuality-1.jpg\"><img decoding=\"async\" class=\"alignleft wp-image-371\" src=\"https:\/\/bordoband.cz\/wp-content\/uploads\/2019\/02\/10_aktuality-1-300x225.jpg\" alt=\"\" width=\"242\" height=\"182\" srcset=\"https:\/\/bordoband.cz\/wp-content\/uploads\/2019\/02\/10_aktuality-1-300x225.jpg 300w, https:\/\/bordoband.cz\/wp-content\/uploads\/2019\/02\/10_aktuality-1-768x576.jpg 768w, https:\/\/bordoband.cz\/wp-content\/uploads\/2019\/02\/10_aktuality-1-640x480.jpg 640w, https:\/\/bordoband.cz\/wp-content\/uploads\/2019\/02\/10_aktuality-1.jpg 800w\" sizes=\"(max-width: 242px) 100vw, 242px\" \/><\/a>Mil\u00ed fanou\u0161ci, m\u00e1me pro v\u00e1s fajnov\u00e1 d\u00e1msk\u00e1 a p\u00e1nsk\u00e1 trika, mikiny a k\u0161iltovky. <\/span><\/p>\n<p style=\"text-align: left;\"><span style=\"color: #999999;\">V p\u0159\u00edpad\u011b z\u00e1jmu pi\u0161te &#8222;ROCKYMU&#8220;\u00a0 <a href=\"mailto:rocky.servis@seznam.cz\">rocky.servis@seznam.cz<\/a><br \/><\/span><\/p>\n\n\n<p><\/p>\n\t\t\t\t\t\t<\/div><!-- .entry-content -->\n\t\t\t\t\t<\/div><!-- wp-show-posts-inner --><div class=\"wpsp-clear\"><\/div><\/article><article class=\" wp-show-posts-single wpsp-clearfix post-5479 post type-post status-publish format-standard hentry category-novinky\" itemtype=\"http:\/\/schema.org\/CreativeWork\" itemscope><div class=\"wp-show-posts-inner\" style=\"\">\t\t\t\t\t\t<header class=\"wp-show-posts-entry-header\">\n\t\t\t\t\t\t\t<h2 class=\"wp-show-posts-entry-title\" itemprop=\"headline\"><a href=\"https:\/\/bordoband.cz\/index.php\/2023\/12\/22\/pf-2024\/\" rel=\"bookmark\">PF 2024<\/a><\/h2><div class=\"wp-show-posts-entry-meta wp-show-posts-entry-meta-below-title post-meta-inline\"><span class=\"wp-show-posts-posted-on wp-show-posts-meta\">\n\t\t\t\t\t<a href=\"https:\/\/bordoband.cz\/index.php\/2023\/12\/22\/pf-2024\/\" title=\"22:08\" rel=\"bookmark\"><time class=\"wp-show-posts-entry-date published\" datetime=\"2023-12-22T22:08:42+01:00\" itemprop=\"datePublished\">22. 12. 2023<\/time><time class=\"wp-show-posts-updated\" datetime=\"2023-12-22T22:10:07+01:00\" itemprop=\"dateModified\">22. 12. 2023<\/time><\/a>\n\t\t\t\t<\/span><\/div>\t\t\t\t\t\t<\/header><!-- .entry-header -->\n\t\t\t\t\t\t\t\t\t\t\t<div class=\"wp-show-posts-entry-content\" itemprop=\"text\">\n\t\t\t\t\t\t\t\n<p><\/p>\n\n\n\n<figure class=\"wp-block-image size-full\"><img fetchpriority=\"high\" fetchpriority=\"high\" decoding=\"async\" width=\"914\" height=\"348\" src=\"https:\/\/bordoband.cz\/wp-content\/uploads\/2023\/12\/PFBordo.jpg\" alt=\"\" class=\"wp-image-5483\" srcset=\"https:\/\/bordoband.cz\/wp-content\/uploads\/2023\/12\/PFBordo.jpg 914w, https:\/\/bordoband.cz\/wp-content\/uploads\/2023\/12\/PFBordo-300x114.jpg 300w, https:\/\/bordoband.cz\/wp-content\/uploads\/2023\/12\/PFBordo-768x292.jpg 768w\" sizes=\"(max-width: 914px) 100vw, 914px\" \/><\/figure>\n\t\t\t\t\t\t<\/div><!-- .entry-content -->\n\t\t\t\t\t<\/div><!-- wp-show-posts-inner --><div class=\"wpsp-clear\"><\/div><\/article><article class=\" wp-show-posts-single wpsp-clearfix post-5265 post type-post status-publish format-standard hentry category-novinky\" itemtype=\"http:\/\/schema.org\/CreativeWork\" itemscope><div class=\"wp-show-posts-inner\" style=\"\">\t\t\t\t\t\t<header class=\"wp-show-posts-entry-header\">\n\t\t\t\t\t\t\t<h2 class=\"wp-show-posts-entry-title\" itemprop=\"headline\"><a href=\"https:\/\/bordoband.cz\/index.php\/2023\/04\/18\/novy-klip\/\" rel=\"bookmark\">Nov\u00fd videoklip<\/a><\/h2><div class=\"wp-show-posts-entry-meta wp-show-posts-entry-meta-below-title post-meta-inline\"><span class=\"wp-show-posts-posted-on wp-show-posts-meta\">\n\t\t\t\t\t<a href=\"https:\/\/bordoband.cz\/index.php\/2023\/04\/18\/novy-klip\/\" title=\"22:12\" rel=\"bookmark\"><time class=\"wp-show-posts-entry-date published\" datetime=\"2023-04-18T22:12:50+02:00\" itemprop=\"datePublished\">18. 4. 2023<\/time><time class=\"wp-show-posts-updated\" datetime=\"2023-04-18T22:14:04+02:00\" itemprop=\"dateModified\">18. 4. 2023<\/time><\/a>\n\t\t\t\t<\/span><\/div>\t\t\t\t\t\t<\/header><!-- .entry-header -->\n\t\t\t\t\t\t\t\t\t\t\t<div class=\"wp-show-posts-entry-content\" itemprop=\"text\">\n\t\t\t\t\t\t\t\n<p>P\u0159ipravte se na neuv\u011b\u0159itelnou j\u00edzdu s nov\u00fdm videoklipem skupiny BORDO!  Nekone\u010dnej \u010das v\u00e1s pohlt\u00ed od prvn\u00edch takt\u016f. <\/p>\n\n\n\n<p>P\u0159ipojte se k n\u00e1m na YouTube <a rel=\"noreferrer noopener\" href=\"https:\/\/www.youtube.com\/watch?v=ebGj-omtpEo&amp;fbclid=IwAR2SbLa0r0HWRWK5WhH4Y7dk8jcc2iHhRkKb51BbtaVgIJ_-1x7Q4ybBT1c\" target=\"_blank\">https:\/\/www.youtube.com\/watch?v=ebGj-omtpEo<\/a> a nechte se un\u00e9st na vln\u00e1ch t\u00e9to z\u00e1\u0159iv\u00e9 skladby!<\/p>\n\n\n\n<p><\/p>\n\t\t\t\t\t\t<\/div><!-- .entry-content -->\n\t\t\t\t\t<\/div><!-- wp-show-posts-inner --><div class=\"wpsp-clear\"><\/div><\/article><article class=\" wp-show-posts-single wpsp-clearfix post-5169 post type-post status-publish format-standard hentry category-novinky\" itemtype=\"http:\/\/schema.org\/CreativeWork\" itemscope><div class=\"wp-show-posts-inner\" style=\"\">\t\t\t\t\t\t<header class=\"wp-show-posts-entry-header\">\n\t\t\t\t\t\t\t<h2 class=\"wp-show-posts-entry-title\" itemprop=\"headline\"><a href=\"https:\/\/bordoband.cz\/index.php\/2022\/12\/22\/pf-2022\/\" rel=\"bookmark\">PF 2023<\/a><\/h2><div class=\"wp-show-posts-entry-meta wp-show-posts-entry-meta-below-title post-meta-inline\"><span class=\"wp-show-posts-posted-on wp-show-posts-meta\">\n\t\t\t\t\t<a href=\"https:\/\/bordoband.cz\/index.php\/2022\/12\/22\/pf-2022\/\" title=\"20:55\" rel=\"bookmark\"><time class=\"wp-show-posts-entry-date published\" datetime=\"2022-12-22T20:55:43+01:00\" itemprop=\"datePublished\">22. 12. 2022<\/time><time class=\"wp-show-posts-updated\" datetime=\"2022-12-22T20:56:53+01:00\" itemprop=\"dateModified\">22. 12. 2022<\/time><\/a>\n\t\t\t\t<\/span><\/div>\t\t\t\t\t\t<\/header><!-- .entry-header -->\n\t\t\t\t\t\t\t\t\t\t\t<div class=\"wp-show-posts-entry-content\" itemprop=\"text\">\n\t\t\t\t\t\t\t\n<figure class=\"wp-block-image size-large is-resized\"><img decoding=\"async\" src=\"https:\/\/bordoband.cz\/wp-content\/uploads\/2022\/12\/PF_2023_BORDO-727x1024.jpg\" alt=\"\" class=\"wp-image-5170\" width=\"454\" height=\"640\" srcset=\"https:\/\/bordoband.cz\/wp-content\/uploads\/2022\/12\/PF_2023_BORDO-727x1024.jpg 727w, https:\/\/bordoband.cz\/wp-content\/uploads\/2022\/12\/PF_2023_BORDO-213x300.jpg 213w, https:\/\/bordoband.cz\/wp-content\/uploads\/2022\/12\/PF_2023_BORDO-768x1082.jpg 768w, https:\/\/bordoband.cz\/wp-content\/uploads\/2022\/12\/PF_2023_BORDO-1090x1536.jpg 1090w, https:\/\/bordoband.cz\/wp-content\/uploads\/2022\/12\/PF_2023_BORDO.jpg 1241w\" sizes=\"(max-width: 454px) 100vw, 454px\" \/><\/figure>\n\t\t\t\t\t\t<\/div><!-- .entry-content -->\n\t\t\t\t\t<\/div><!-- wp-show-posts-inner --><div class=\"wpsp-clear\"><\/div><\/article><article class=\" wp-show-posts-single wpsp-clearfix post-4312 post type-post status-publish format-standard hentry category-novinky\" itemtype=\"http:\/\/schema.org\/CreativeWork\" itemscope><div class=\"wp-show-posts-inner\" style=\"\">\t\t\t\t\t\t<header class=\"wp-show-posts-entry-header\">\n\t\t\t\t\t\t\t<h2 class=\"wp-show-posts-entry-title\" itemprop=\"headline\"><a href=\"https:\/\/bordoband.cz\/index.php\/2022\/07\/06\/krest-noveho-cd\/\" rel=\"bookmark\">K\u0158EST NOV\u00c9HO CD<\/a><\/h2><div class=\"wp-show-posts-entry-meta wp-show-posts-entry-meta-below-title post-meta-inline\"><span class=\"wp-show-posts-posted-on wp-show-posts-meta\">\n\t\t\t\t\t<a href=\"https:\/\/bordoband.cz\/index.php\/2022\/07\/06\/krest-noveho-cd\/\" title=\"19:45\" rel=\"bookmark\"><time class=\"wp-show-posts-entry-date published\" datetime=\"2022-07-06T19:45:11+02:00\" itemprop=\"datePublished\">6. 7. 2022<\/time><time class=\"wp-show-posts-updated\" datetime=\"2022-07-06T20:04:25+02:00\" itemprop=\"dateModified\">6. 7. 2022<\/time><\/a>\n\t\t\t\t<\/span><\/div>\t\t\t\t\t\t<\/header><!-- .entry-header -->\n\t\t\t\t\t\t\t\t\t\t\t<div class=\"wp-show-posts-entry-content\" itemprop=\"text\">\n\t\t\t\t\t\t\t\n<p><br>R\u00e1di se s v\u00e1mi potk\u00e1me <strong>v sobotu 27.8.2022 v Clubu RENDA<\/strong>, kde prob\u011bhne k\u0159est na\u0161eho nov\u00e9ho CD. <\/p>\n\n\n\n<p>Kmotrem CD bude Michal Hor\u00e1\u010dek (texta\u0159) a Tony Duch\u00e1\u010dek.<br>Budeme se na v\u00e1s t\u011b\u0161it.<\/p>\n\n\n\n<figure class=\"wp-block-image size-large is-resized\"><img loading=\"lazy\" loading=\"lazy\" decoding=\"async\" src=\"https:\/\/bordoband.cz\/wp-content\/uploads\/2022\/03\/plakat-krest-3-loga-724x1024.jpg\" alt=\"\" class=\"wp-image-4306\" width=\"366\" height=\"517\" srcset=\"https:\/\/bordoband.cz\/wp-content\/uploads\/2022\/03\/plakat-krest-3-loga-724x1024.jpg 724w, https:\/\/bordoband.cz\/wp-content\/uploads\/2022\/03\/plakat-krest-3-loga-212x300.jpg 212w, https:\/\/bordoband.cz\/wp-content\/uploads\/2022\/03\/plakat-krest-3-loga-768x1086.jpg 768w, https:\/\/bordoband.cz\/wp-content\/uploads\/2022\/03\/plakat-krest-3-loga-1086x1536.jpg 1086w, https:\/\/bordoband.cz\/wp-content\/uploads\/2022\/03\/plakat-krest-3-loga-1448x2048.jpg 1448w, https:\/\/bordoband.cz\/wp-content\/uploads\/2022\/03\/plakat-krest-3-loga-scaled.jpg 1810w\" sizes=\"auto, (max-width: 366px) 100vw, 366px\" \/><\/figure>\n\n\n\n<p><\/p>\n\t\t\t\t\t\t<\/div><!-- .entry-content -->\n\t\t\t\t\t<\/div><!-- wp-show-posts-inner --><div class=\"wpsp-clear\"><\/div><\/article><article class=\" wp-show-posts-single wpsp-clearfix post-4110 post type-post status-publish format-standard hentry category-novinky\" itemtype=\"http:\/\/schema.org\/CreativeWork\" itemscope><div class=\"wp-show-posts-inner\" style=\"\">\t\t\t\t\t\t<header class=\"wp-show-posts-entry-header\">\n\t\t\t\t\t\t\t<h2 class=\"wp-show-posts-entry-title\" itemprop=\"headline\"><a href=\"https:\/\/bordoband.cz\/index.php\/2022\/03\/08\/13-11-2022-1800-spusteni-noveho-klipu-bordo\/\" rel=\"bookmark\">11.3.2022 18:00 spu\u0161t\u011bn\u00ed nov\u00e9ho klipu Bordo<\/a><\/h2><div class=\"wp-show-posts-entry-meta wp-show-posts-entry-meta-below-title post-meta-inline\"><span class=\"wp-show-posts-posted-on wp-show-posts-meta\">\n\t\t\t\t\t<a href=\"https:\/\/bordoband.cz\/index.php\/2022\/03\/08\/13-11-2022-1800-spusteni-noveho-klipu-bordo\/\" title=\"20:20\" rel=\"bookmark\"><time class=\"wp-show-posts-entry-date published\" datetime=\"2022-03-08T20:20:44+01:00\" itemprop=\"datePublished\">8. 3. 2022<\/time><time class=\"wp-show-posts-updated\" datetime=\"2022-10-09T20:14:02+02:00\" itemprop=\"dateModified\">9. 10. 2022<\/time><\/a>\n\t\t\t\t<\/span><\/div>\t\t\t\t\t\t<\/header><!-- .entry-header -->\n\t\t\t\t\t\t\t\t\t\t\t<div class=\"wp-show-posts-entry-content\" itemprop=\"text\">\n\t\t\t\t\t\t\t\n<p>Fanou\u0161ci, kamar\u00e1di, p\u0159\u00e1tel\u00e9,  <\/p>\n\n\n\n<p>ji\u017e tento p\u00e1tek 11.3. 2022 p\u0159esn\u011b v 18:00 bude spu\u0161t\u011bn klip kapely Bordo k nov\u00e9 p\u00edsni &#8222;Tak tak&#8220; na YOUTUBE! <a rel=\"noreferrer noopener\" href=\"https:\/\/www.youtube.com\/channel\/UCWbAukjDeW09pr5AwnYM4nQ?fbclid=IwAR0ZR8dUFTdT9zi3kNRy-pXegoDGtmQfKmF6FnwgwsQdAVJ__E_Q8gVjbZc\" target=\"_blank\">https:\/\/www.youtube.com\/channel\/UCWbAukjDeW09pr5AwnYM4nQ<\/a><\/p>\n\n\n\n<p>Budeme se t\u011b\u0161it na va\u0161e ohlasy.   Va\u0161e Bordo<\/p>\n\n\n\n<figure class=\"wp-block-image size-large\"><img loading=\"lazy\" loading=\"lazy\" decoding=\"async\" width=\"1024\" height=\"509\" src=\"https:\/\/bordoband.cz\/wp-content\/uploads\/2022\/03\/Tak-tak-1-1024x509.png\" alt=\"\" class=\"wp-image-4111\" srcset=\"https:\/\/bordoband.cz\/wp-content\/uploads\/2022\/03\/Tak-tak-1-1024x509.png 1024w, https:\/\/bordoband.cz\/wp-content\/uploads\/2022\/03\/Tak-tak-1-300x149.png 300w, https:\/\/bordoband.cz\/wp-content\/uploads\/2022\/03\/Tak-tak-1-768x381.png 768w, https:\/\/bordoband.cz\/wp-content\/uploads\/2022\/03\/Tak-tak-1.png 1198w\" sizes=\"auto, (max-width: 1024px) 100vw, 1024px\" \/><\/figure>\n\n\n\n<p><\/p>\n\t\t\t\t\t\t<\/div><!-- .entry-content -->\n\t\t\t\t\t<\/div><!-- wp-show-posts-inner --><div class=\"wpsp-clear\"><\/div><\/article><article class=\" wp-show-posts-single wpsp-clearfix post-3818 post type-post status-publish format-standard hentry category-novinky\" itemtype=\"http:\/\/schema.org\/CreativeWork\" itemscope><div class=\"wp-show-posts-inner\" style=\"\">\t\t\t\t\t\t<header class=\"wp-show-posts-entry-header\">\n\t\t\t\t\t\t\t<h2 class=\"wp-show-posts-entry-title\" itemprop=\"headline\"><a href=\"https:\/\/bordoband.cz\/index.php\/2020\/12\/17\/pf-2021\/\" rel=\"bookmark\">PF 2021<\/a><\/h2><div class=\"wp-show-posts-entry-meta wp-show-posts-entry-meta-below-title post-meta-inline\"><span class=\"wp-show-posts-posted-on wp-show-posts-meta\">\n\t\t\t\t\t<a href=\"https:\/\/bordoband.cz\/index.php\/2020\/12\/17\/pf-2021\/\" title=\"13:42\" rel=\"bookmark\"><time class=\"wp-show-posts-entry-date published\" datetime=\"2020-12-17T13:42:29+01:00\" itemprop=\"datePublished\">17. 12. 2020<\/time><time class=\"wp-show-posts-updated\" datetime=\"2021-06-16T11:44:51+02:00\" itemprop=\"dateModified\">16. 6. 2021<\/time><\/a>\n\t\t\t\t<\/span><\/div>\t\t\t\t\t\t<\/header><!-- .entry-header -->\n\t\t\t\t\t\t\t\t\t\t\t<div class=\"wp-show-posts-entry-content\" itemprop=\"text\">\n\t\t\t\t\t\t\t\n<figure class=\"wp-block-image size-large is-resized\"><img loading=\"lazy\" loading=\"lazy\" decoding=\"async\" src=\"https:\/\/bordoband.cz\/wp-content\/uploads\/2020\/12\/Bordo_PF2021-1-1020x1024.png\" alt=\"\" class=\"wp-image-3819\" width=\"523\" height=\"524\" srcset=\"https:\/\/bordoband.cz\/wp-content\/uploads\/2020\/12\/Bordo_PF2021-1-1020x1024.png 1020w, https:\/\/bordoband.cz\/wp-content\/uploads\/2020\/12\/Bordo_PF2021-1-300x300.png 300w, https:\/\/bordoband.cz\/wp-content\/uploads\/2020\/12\/Bordo_PF2021-1-150x150.png 150w, https:\/\/bordoband.cz\/wp-content\/uploads\/2020\/12\/Bordo_PF2021-1-768x771.png 768w, https:\/\/bordoband.cz\/wp-content\/uploads\/2020\/12\/Bordo_PF2021-1-640x640.png 640w, https:\/\/bordoband.cz\/wp-content\/uploads\/2020\/12\/Bordo_PF2021-1-180x180.png 180w, https:\/\/bordoband.cz\/wp-content\/uploads\/2020\/12\/Bordo_PF2021-1-1024x1024.png 1024w, https:\/\/bordoband.cz\/wp-content\/uploads\/2020\/12\/Bordo_PF2021-1.png 1364w\" sizes=\"auto, (max-width: 523px) 100vw, 523px\" \/><\/figure>\n\t\t\t\t\t\t<\/div><!-- .entry-content -->\n\t\t\t\t\t<\/div><!-- wp-show-posts-inner --><div class=\"wpsp-clear\"><\/div><\/article><\/section><!-- .wp-show-posts --><div class=\"wpsp-load-more\"><span aria-current=\"page\" class=\"page-numbers current\">1<\/span>\n<a class=\"page-numbers\" href=\"https:\/\/bordoband.cz\/index.php\/wp-json\/wp\/v2\/pages\/489\/page\/2\/\">2<\/a>\n<a class=\"page-numbers\" href=\"https:\/\/bordoband.cz\/index.php\/wp-json\/wp\/v2\/pages\/489\/page\/3\/\">3<\/a>\n<a class=\"next page-numbers\" href=\"https:\/\/bordoband.cz\/index.php\/wp-json\/wp\/v2\/pages\/489\/page\/2\/\">Dal\u0161\u00ed &rarr;<\/a><\/div>\n\n","protected":false},"excerpt":{"rendered":"","protected":false},"author":2,"featured_media":0,"parent":0,"menu_order":0,"comment_status":"closed","ping_status":"closed","template":"templates\/right-sidebar.php","meta":{"footnotes":""},"class_list":["post-489","page","type-page","status-publish","hentry"],"_links":{"self":[{"href":"https:\/\/bordoband.cz\/index.php\/wp-json\/wp\/v2\/pages\/489","targetHints":{"allow":["GET"]}}],"collection":[{"href":"https:\/\/bordoband.cz\/index.php\/wp-json\/wp\/v2\/pages"}],"about":[{"href":"https:\/\/bordoband.cz\/index.php\/wp-json\/wp\/v2\/types\/page"}],"author":[{"embeddable":true,"href":"https:\/\/bordoband.cz\/index.php\/wp-json\/wp\/v2\/users\/2"}],"replies":[{"embeddable":true,"href":"https:\/\/bordoband.cz\/index.php\/wp-json\/wp\/v2\/comments?post=489"}],"version-history":[{"count":17,"href":"https:\/\/bordoband.cz\/index.php\/wp-json\/wp\/v2\/pages\/489\/revisions"}],"predecessor-version":[{"id":4310,"href":"https:\/\/bordoband.cz\/index.php\/wp-json\/wp\/v2\/pages\/489\/revisions\/4310"}],"wp:attachment":[{"href":"https:\/\/bordoband.cz\/index.php\/wp-json\/wp\/v2\/media?parent=489"}],"curies":[{"name":"wp","href":"https:\/\/api.w.org\/{rel}","templated":true}]}}